) be the first derivative of f**3/3 - 11*f**2/2 - 33*f + 6. List the prime factors of i(-9).
3, 7
Let o be 175/5 + (1 - 0). Let j = o + -24. What are the prime factors of (1 - 2)*j/(-1)?
2, 3
Let t(v) = 4*v**3 + v**2 - 2*v. Let i be t(1). Suppose 0 = -5*z - 5*s + 450, -246 = -0*z - 3*z + i*s. What are the prime factors of z?
2, 43
Suppose 2*b - 3*p - 8890 = 0, 22*b - 5*p - 8882 = 20*b. What are the prime factors of b?
4451
Suppose -x + 58 = 14. Let d = -22 + x. List the prime factors of d.
2, 11
Let g be 2 - -2 - (4 + -1). Let y(j) = 0 - g + 8*j + 4. List the prime factors of y(3).
3
Suppose -3*q + 851 = 4*k, 4*k + 295 = 4*q - 849. Suppose -5*y = -0*y - q. What are the prime factors of y?
3, 19
Let o(h) = -3. Let f(l) = 7*l + 22. Let b(w) = -f(w) - 6*o(w). Suppose -3*n + 4*n + 6 = 0. What are the prime factors of b(n)?
2, 19
Suppose 35*z - 12204 = 23566. List the prime factors of z.
2, 7, 73
Suppose -100 = -v + 6*v. Let o be (8/v)/((-1)/(-5)). Let u(j) = 2*j**2 - 3*j - 1. List the prime factors of u(o).
13
Let d(v) = 9. Let t(o) be the third derivative of -o**4/24 - 4*o**3/3 - 6*o**2. Let r(x) = -6*d(x) - 5*t(x). What are the prime factors of r(12)?
2, 23
Let s be (-26)/91 + (-30)/(-7). Suppose -6*v + s*v = 14. Let f = 19 - v. What are the prime factors of f?
2, 13
Let y = -996 - -1508. What are the prime factors of y?
2
Suppose m - 19*m = 486. List the prime factors of 6/m + (-2348)/(-36).
5, 13
List the prime factors of 3/(-2) + 5*(-17793)/(-30).
2, 3, 13, 19
Let t = 7 - 7. Suppose 20*o - 4*o - 1312 = t. What are the prime factors of o?
2, 41
Suppose 4*y = -o + 3090, 16*o - 18*o - y + 6187 = 0. List the prime factors of o.
2, 7, 13, 17
Let w(q) be the second derivative of q**4/12 - 11*q**3/6 + 17*q**2/2 + 13*q. What are the prime factors of w(12)?
29
Let d(q) = q**3 - 8*q**2 + 2. Let u be d(8). Let a(b) = -38*b - u*b + 5*b. What are the prime factors of a(-1)?
5, 7
Let y(c) = -c**3 + 4*c**2 - c - 3. Let b be y(3). Suppose b*d - 57 = -0*d. List the prime factors of d.
19
Let n = 4043 - 2329. What are the prime factors of n?
2, 857
Let t(z) = z**3 + 8*z**2 + z - 14. List the prime factors of t(-7).
2, 7
Let i = -1870 + 3875. What are the prime factors of i?
5, 401
Suppose 0 = o - 6*h + 3*h - 122, 5*h + 10 = 0. List the prime factors of o.
2, 29
Suppose -t + 3*x = -3*t + 575, 3*x - 1135 = -4*t. What are the prime factors of t?
2, 5, 7
Let f be (-1)/(-2) + (-225)/(-6). Suppose 117 = v + f. What are the prime factors of v?
79
Suppose 0 = -5*l - 500 - 50. What are the prime factors of l/(-22)*174/10?
3, 29
Suppose -5*l + 396 = 3*b - 2*b, -2*l = 6. Let i = b - 223. List the prime factors of i.
2, 47
Let p = 1 - 5. Let a(o) = -4*o**2 - 4*o + 2. Let h(n) = -2*n**2 - 2*n + 1. Let m(l) = -3*a(l) + 5*h(l). List the prime factors of m(p).
23
Suppose -5*z = 4*q - 3*z - 10, -4*q + 30 = -2*z. Suppose 0*m - 3*m + q*b + 283 = 0, -4*b + 66 = m. List the prime factors of m.
2, 43
List the prime factors of -3 - (56/3)/(-4)*33.
151
What are the prime factors of ((28 - 0)/4)/((-3)/(-261))?
3, 7, 29
Let q(n) = 2*n + 2. Let m be q(0). Suppose 0 = o + 3*h - 118, -m*o + 229 = -2*h + h. List the prime factors of o.
5, 23
Let l(v) = 2*v**2 - 6 + 0 + 14*v - 5 + 4 + 1. Let o(r) = r**2 + 7*r + 2. Let x be o(-4). List the prime factors of l(x).
2, 3
Let v(m) = m - 9. Let u be v(9). Suppose u = 4*r + r. List the prime factors of 1/(-1) + r - -17.
2
Suppose -13*b + 11*b = -10. Suppose -3*w + 5*v + 132 = 0, 0 = 3*v - 4 - b. What are the prime factors of w?
7
What are the prime factors of (-8)/(256/88 - 3)?
2, 11
What are the prime factors of 32/(-7*(-5 - (-11991)/2401))?
2, 7
Let x = -57 + -6. Let s = 70 - 102. Let c = s - x. What are the prime factors of c?
31
Let s = 37 + -35. Suppose 2*w + s*w = 268. What are the prime factors of w?
67
Suppose 115 = 2*y - 17. Let b = -22 + y. Let n = b + -25. What are the prime factors of n?
19
Suppose 585 = 14*k - 9*k. What are the prime factors of k?
3, 13
Let j be 147/(-9)*-1*3. Suppose -4*y + q + j = 2*q, -1 = -y + 2*q. Let i(r) = 2*r - 13. What are the prime factors of i(y)?
3
Let a be 40/6 - 24/36. Suppose -3*d = -3, -a*m - 2*d = -3*m - 89. List the prime factors of m.
29
Suppose -4*b = -2*b - 76. Suppose 60 + b = 2*h. What are the prime factors of h?
7
Let w(o) = -o**3 + 20*o**2 - 49. Let f be w(20). Let b = -23 - f. List the prime factors of b.
2, 13
Let v be (-2)/((-3)/48*2). Let l = v - 36. Let w = l - -36. What are the prime factors of w?
2
Let i(l) = -l**2 + 17*l + 14. Let b be i(18). Suppose 3 = 4*r - 21. List the prime factors of b*2*(-42)/r.
2, 7
Let r = 677 - 402. List the prime factors of r.
5, 11
Let a = 35 - 34. Suppose 0 = j + 3, -j + a - 4 = -5*i. Suppose u = -i*u + 60. List the prime factors of u.
2, 3, 5
Let o(a) = 2*a**3 + 13*a**2 + 5*a - 8. Let b(y) = -y**3 - 12*y**2 - 6*y + 8. Let f(h) = 3*b(h) + 2*o(h). What are the prime factors of f(12)?
2, 5
Suppose o + 3*f - 860 = 0, 0 = 5*o - 4*f - 1459 - 2765. What are the prime factors of o?
2, 53
Let c(l) = 539*l**3 - l**2 - 5*l + 6. What are the prime factors of c(1)?
7, 11
Suppose -391 = -5*a - 2*i, -3*i = -4*a - 2*i + 305. List the prime factors of a.
7, 11
Let q = 12 + -10. Suppose z + 3 = -q, 0 = -2*j - 5*z + 619. What are the prime factors of j?
2, 7, 23
Let d be ((-3 - -5)/(-4))/(4/(-80)). Suppose -d = -4*v + 22. What are the prime factors of v?
2
Let r = -123 - -85. Let v = 68 + r. What are the prime factors of v?
2, 3, 5
Let p(z) = -z**3 - 2*z**2 + 12*z - 11. Let r(n) = -n**2 + 7*n + 13. Let w be r(-2). What are the prime factors of p(w)?
2
Suppose 5*n - 2325 = -y, 174*n = 3*y + 176*n - 6988. List the prime factors of y.
2, 5, 233
Let o be (-8)/(-6)*(-369)/(-6). Suppose 3*g + 4*y - 56 = -0*y, -y = 5*g - o. What are the prime factors of g?
2
Let f(w) = w**2 - 4. Let a be f(2). Suppose -6*d + 192 + 144 = a. List the prime factors of d.
2, 7
Let j = 897 + -430. List the prime factors of j.
467
Let j = 820 - -151. What are the prime factors of j?
971
List the prime factors of (1872/(-702))/(1 + 61/(-60)).
2, 5
Suppose 30*v + 185040 = 110*v. List the prime factors of v.
3, 257
Let v(p) = -11*p**3 - 8*p**2 - 14*p - 52. What are the prime factors of v(-4)?
2, 5, 29
Let o(z) = -2*z**2 - 11*z. Let h be o(-5). List the prime factors of 177 + h/20 + (-10)/8.
2, 11
Suppose 3*s = 73 + 167. Let k(y) = -y**2 - 18*y - 11. Let j be k(-17). Suppose u - j*u = -s. What are the prime factors of u?
2
Let v = 1066 - -18. List the prime factors of v.
2, 271
Suppose 2*k + 2*k - 1008 = 0. Suppose 3*a + k = 7*a. List the prime factors of a.
3, 7
Let g(m) = 3*m**3 + 3*m**2 + 11*m + 1. List the prime factors of g(4).
3, 5, 19
Suppose 24*f = 7191 + 7089. What are the prime factors of f?
5, 7, 17
Let q(z) = -96*z**3 - 67*z + z**2 - 1 + 67*z. Let h be q(-1). Suppose 7*k = 3*k + h. What are the prime factors of k?
2, 3
Let l = 10 - 5. Suppose 4*h = l*h + 1. Let w(n) = 23*n**2 - n. List the prime factors of w(h).
2, 3
Let d = 412 + -578. Let y = -31 - d. List the prime factors of y.
3, 5
Suppose 3*d + 3*u - 848 = 982, 0 = 2*d + u - 1224. List the prime factors of d.
2, 307
Suppose -k + 4*k - 9 = 0. Suppose 3*v + k*v = 390. List the prime factors of v.
5, 13
Suppose -3*i + o = 1, 5*i - 2*o = 2*o + 3. Let r(k) = -k**2 + 7*k + 49. Let g be r(11). Let t = g - i. What are the prime factors of t?
2, 3
Let b(j) = 37*j - 48. Suppose f = -4*f, 5*f + 21 = 3*l. List the prime factors of b(l).
211
Suppose p + 0 = -10. Let t = p - 5. Let u = 28 + t. What are the prime factors of u?
13
Suppose 0 = -5*c - 649 + 4709. What are the prime factors of c?
2, 7, 29
Let h(n) = -36*n - 76. What are the prime factors of h(-4)?
2, 17
What are the prime factors of (-12)/(-90) + -1367*56/(-60)?
2, 11, 29
Let r = -28 - -16. What are the prime factors of (22/6 - 4)*r?
2
Let d be (-47)/(-2) - 9/18. Suppose q = -3*n - 0*q - d, 15 = -3*q. Let g(o) = -5*o + 20. List the prime factors of g(n).
2, 5
Let p(h) = 8*h. Let f be p(1). Suppose b - 13 = f. Suppose 0 = 5*q - 136 + b. What are the prime factors of q?
23
Suppose 0 = -3*a + 250 + 4505. What are the prime factors of a?
5, 317
Let r = 4 - 4. Suppose 2*x - 13 = -x + 5*l, 4*x - 2*l - 36 = r. List the prime factors of x.
11
Suppose 6 = 2*n + 2. Suppose j = 4*z - n, -2*j + 0*z 